e l(-4).
-189
Let m(o) = 119*o - 3909. Calculate m(61).
3350
Let z(g) = 113*g - 7799. Calculate z(74).
563
Let b(q) = -118239*q - 1537131. Determine b(-13).
-24
Let q(z) = 1714*z**3 + z**2 - 6. Calculate q(0).
-6
Let d(y) = -434646*y + 19993711. Calculate d(46).
-5
Let h(c) = 3*c**2 - 308*c + 7557. Determine h(41).
-28
Let x(n) = n**3 + 57*n**2 + 911*n + 44051. Determine x(-55).
-4
Let k(c) = -1364628*c - 24563315. Calculate k(-18).
-11
Let o(r) = -8*r**3 - 66*r**2 + 1495*r + 13377. Calculate o(-9).
408
Let x(i) = -2*i**3 - 55*i**2 + 98*i - 30. Determine x(-29).
-349
Let w(r) = -7094*r - 468203. What is w(-66)?
1
Let s(d) = 350*d**2 + 181*d - 23. What is s(-1)?
146
Let w(p) = p**3 - 229*p**2 + 382*p - 36045. What is w(228)?
-933
Let f(a) = a**2 + 8*a - 256. What is f(42)?
1844
Let g(c) = -c**3 - 7*c**2 + 30*c - 23. Determine g(-14).
929
Let c(v) = -v**3 + 33*v**2 + 363*v - 1414. What is c(41)?
21
Let z(u) = 2382*u + 85739. What is z(-36)?
-13
Let c(f) = -f**2 + 242*f + 33695. Calculate c(339).
812
Let a(r) = 10*r + 3310. What is a(6)?
3370
Let s(r) = 3*r**3 + 124*r**2 + 1278*r - 61. What is s(-20)?
-21
Let y(k) = -11*k**3 + 4829*k**2 + 4*k - 1508. What is y(439)?
248
Let o(r) = 38*r**2 - 211*r - 1308. Calculate o(-6).
1326
Let u(z) = -z**3 - 119*z**2 + 124*z + 488. Determine u(-120).
8
Let c(u) = -u**3 - 253*u**2 - 723*u - 55466. Calculate c(-251).
5
Let q(g) = -2*g**3 + 123*g**2 - 106*g + 2747. Calculate q(61).
2
Let q(x) = -1032*x + 43345. Calculate q(42).
1
Let s(o) = -199*o**3 - 120*o**2 + 57*o + 61. What is s(1)?
-201
Let v(r) = 29*r**2 - 2645*r - 207. Determine v(91).
-753
Let f(z) = -333250*z + 3332420. Calculate f(10).
-80
Let x(a) = 2*a**2 + 1074*a + 23395. What is x(-23)?
-249
Let c(n) = n**2 - 91*n + 812. Determine c(36).
-1168
Let q(s) = 8452*s + 84863. Determine q(-10).
343
Let u(f) = -f**3 - 139*f**2 - 136*f + 133. What is u(-138)?
-143
Let b(u) = -219*u**2 + 3710*u + 19. Calculate b(17).
-202
Let i(d) = -d**3 - 6661*d**2 + 33268*d + 243. What is i(5)?
-67
Let u(r) = -65765*r - 854953. Give u(-13).
-8
Let l(d) = -d**2 + 239*d + 5073. Give l(-20).
-107
Let v(d) = 70*d - 33021. Determine v(472).
19
Let b(w) = 44*w**2 - 673*w + 159. Determine b(15).
-36
Let b(g) = -196342*g - 196268. Calculate b(-1).
74
Let d(z) = 7615*z - 152331. Calculate d(20).
-31
Let f(z) = -2*z**2 + 127*z - 1725. Give f(42).
81
Let p(f) = 55*f**2 + 6684*f - 3468. Determine p(-122).
-296
Let y(q) = 148*q - 344. What is y(0)?
-344
Let l(m) = -9*m**2 + 4019*m - 15929. Calculate l(4).
3
Let c(z) = z**3 - 29*z**2 - 373*z - 52. Determine c(38).
-1230
Let b(a) = a**3 + 53*a**2 - 93*a + 1101. Determine b(-55).
166
Let q(h) = 10*h**3 - 221*h**2 + 53*h - 469. Determine q(22).
213
Let z(t) = 23323*t - 17772123. What is z(762)?
3
Let i(h) = -101*h + 14747. Give i(146).
1
Let b(q) = -2*q**3 - 26*q**2 - 59*q - 762. Determine b(-13).
5
Let n(o) = -o**3 + 120*o**2 - 2101*o + 9. Give n(22).
1219
Let b(o) = -o**3 + 25*o**2 - 208380*o + 5209508. What is b(25)?
8
Let c(q) = 149*q + 6841. What is c(-48)?
-311
Let l(f) = -f**2 + 1536*f - 27306. Calculate l(18).
18
Let x(b) = 36*b**2 - 4609*b + 354. What is x(128)?
226
Let n(b) = -8*b**3 + 22*b**2 - 52*b + 48. What is n(2)?
-32
Let m(n) = -130*n + 16530. Calculate m(129).
-240
Let p(a) = -149*a - 22954. Determine p(-155).
141
Let n(a) = 2*a**3 - 613*a**2 + 314*a - 2906. Calculate n(306).
-458
Let g(d) = -3*d**2 + 2399*d + 19396. Give g(-8).
12
Let b(n) = 9*n**2 - 1162*n + 10704. Give b(10).
-16
Let n(f) = 211*f + 17030. Determine n(-75).
1205
Let k(m) = 82422*m - 411110. What is k(5)?
1000
Let i(r) = 11477*r + 92. Give i(0).
92
Let d(q) = -2408*q + 22814. Calculate d(10).
-1266
Let v(n) = -n**3 - 2*n**2 - 22*n - 798. Give v(0).
-798
Let d(h) = -h**3 - 1300*h**2 - 56*h - 72806. Determine d(-1300).
-6
Let c(j) = 2*j**3 - 78*j**2 + 138*j + 365. Calculate c(37).
-5
Let m(d) = 201*d + 1358. Give m(3).
1961
Let x(w) = 917162*w + 1834344. What is x(-2)?
20
Let q(k) = -2*k**3 - 271*k**2 + 357*k + 30062. Give q(-136).
6
Let d(w) = 2*w**3 + 115*w**2 + 1487*w + 80. Calculate d(-38).
-110
Let b(o) = 280*o + 7674. Give b(-29).
-446
Let t(c) = -326*c**2 - 1075*c - 9. Give t(-3).
282
Let h(s) = 181*s + 745. Give h(-3).
202
Let a(b) = b**3 - 29*b**2 + 597*b - 17553. Determine a(29).
-240
Let h(z) = -14*z**3 - 13*z**2 - 73*z + 310. Calculate h(3).
-404
Let m(n) = 11*n + 1642. Give m(-10).
1532
Let y(i) = 959975*i - 23039399. What is y(24)?
1
Let s(r) = r**2 - 221*r + 5098. Determine s(25).
198
Let t(a) = 124*a**2 + 6807*a + 122. What is t(-55)?
837
Let q(k) = 2*k**3 - 67*k**2 + 265*k - 5503. Give q(32).
-95
Let f(n) = -148*n**2 + 3806*n - 18865. What is f(19)?
21
Let x(q) = -2*q**2 - 22322*q + 2502384. Determine x(111).
0
Let x(z) = 535*z + 176259. Give x(-332).
-1361
Let g(q) = -8*q**3 + 273*q**2 + 254*q - 239. Give g(35).
76
Let p(m) = -1869*m - 153147. Give p(-82).
111
Let s(k) = 11*k**2 + 635857*k + 1907465. Give s(-3).
-7
Let m(k) = 2*k**2 - 8057*k - 3883245. Give m(-435).
0
Let g(z) = -z**3 + 6*z**2 + 225*z - 1054. Give g(16).
-14
Let w(b) = -2*b**2 + 159*b - 541. What is w(76)?
-9
Let m(n) = -61*n**2 - 691*n + 1417. Determine m(-15).
-1943
Let k(b) = -31712*b - 412225. Calculate k(-13).
31
Let b(c) = -22622*c + 181133. Determine b(8).
157
Let h(n) = 106*n - 22119. Give h(207).
-177
Let u(v) = -7*v**2 + 135*v + 5389. Determine u(39).
7
Let i(k) = -81*k - 12792. Give i(-165).
573
Let k(p) = p**2 - 1093*p + 34421. Give k(32).
469
Let a(r) = -r**2 - 154*r + 5011. What is a(-179)?
536
Let w(d) = 4*d**3 + 69*d**2 + 377*d + 729. Determine w(-9).
9
Let m(y) = 108422*y - 3469486. Calculate m(32).
18
Let j(w) = -21*w**2 - 156*w - 123. What is j(-7)?
-60
Let m(k) = -54*k**3 + 28*k**2 - 18*k + 39. Give m(2).
-317
Let y(p) = -58*p - 562. Determine y(-8).
-98
Let t(q) = -1158*q - 24413. What is t(-21)?
-95
Let j(u) = -19*u**2 - 175*u - 174. Determine j(-1).
-18
Let d(i) = -i**3 - 21*i**2 + 519*i + 314. Calculate d(16).
-854
Let v(n) = -39117*n + 39053. What is v(1)?
-64
Let m(n) = n**3 + 330*n**2 + 631*n - 8204. Determine m(-328).
-4
Let k(t) = 2317*t**2 - 2268*t - 1. Calculate k(1).
48
Let f(h) = 195*h + 2136. Calculate f(-15).
-789
Let z(p) = -p**2 + 57*p + 3180. Determine z(98).
-838
Let p(s) = 174*s**3 - 35671*s**2 + 205*s - 6. Calculate p(205).
-6
Let v(g) = -11*g**3 + 2015*g**2 - 367*g + 55. Give v(183).
-128
Let h(r) = 15*r**2 - 423*r + 1739. What is h(5)?
-1
Let p(t) = -6*t**3 - 124*t**2 - 117*t - 170. Determine p(-20).
570
Let i(x) = 3636*x + 43652. What is i(-12)?
20
Let u(q) = 11*q**2 + 1302*q + 3029. Calculate u(-116).
13
Let d(n) = n**3 + 45*n**2 + 41*n + 90. What is d(-8)?
2130
Let p(s) = 744*s + 13573. Determine p(-18).
181
Let h(v) = 8*v**3 + 628*v**2 - 12991*v + 54. Calculate h(17).
3
Let n(c) = -5*c**2 + 3928*c + 64179. What is n(-16)?
51
Let s(d) = 56*d**2 - 338*d + 1991. Determine s(6).
1979
Let h(w) = -9183*w + 2360047. Determine h(257).
16
Let r(h) = -h**2 - 199*h - 9968. Calculate r(-99).
-68
Let r(m) = -m**2 - 1687*m - 67485. What is r(-41)?
1
Let p(g) = -5*g**2 - 470*g - 132. Calculate p(-94).
-132
Let u(m) = -m**2 + 2834*m + 71391. What is u(-25)?
-84
Let u(q) = -1825*q - 1000. Calculate u(-1).
825
Let w(p) = 114*p + 2472. Calculate w(-18).
420
Let m(n) = 50*n**2 + 6171*n - 131914. Calculate m(-142).
4
Let h(i) = 541*i - 7134. Determine h(12).
-642
Let y(s) = -s**3 - 1148*s**2 - 43277*s - 28839. Determine y(-1109).
-5
Let a(k) = 34519*k + 21332774. Determine a(-618).
32
Let t(l) = -4*l**2 + 1131*l - 28138. Give t(255).
167
Let x(l) = 553*l - 5554. Give x(10).
-24
Let b(q) = 70*q**2 + 95*q + 84. Calculate b(-2).
174
Let b(q) = 8533*q - 264538. Give b(31).
-15
Let c(b) = -8373*b - 1088497. Calculate c(-130).
-7
Let l(v) = -641*v - 1934. Give l(-3).
-11
Let j(w) = -15*w**3 + 295*w**2 - 201*w + 203. Determine j(19).
-6
Let q(z) = -641090*z + 641079. Give q(1).
-11
Let x(y) = 4480*y**2 + 179165*y - 1405. What is x(-40)?
-5
Let s(j) = j**2 + 43*j + 1412. Calculate s(-86).
5110
Let p(x) = x**3 + 18*x**2 - 119*x - 2417. Give p(-14).
33
Let w(b) = -5694*b + 979364. What is w(172)?
-4
Let v(r) = 5*r**2 + 261*r + 176. Determine v(-23).
-3182
Let u(g) = 6*g**2 + 598*g - 618. What is u(-102)?
810
Let s(o) = -7388*o + 384167. Determine s(5